97
Let f(z) = -z**2 - 177*z - 1505. Give f(-9).
7
Let g(b) = 69*b + 291. What is g(-5)?
-54
Let p(y) = -y**3 - 29*y**2 + 75*y + 1329. Calculate p(-30).
-21
Let z(d) = d**3 + 8*d**2 + 7*d - 8. Give z(-2).
2
Let q(r) = -r**2 - 6*r + 10. Determine q(-6).
10
Let b(a) = -a**3 + 17*a**2 + 19*a - 9. What is b(18)?
9
Let v(o) = -o - 142. Calculate v(17).
-159
Let t(a) = a**3 + 2*a**2 + 3*a + 9. Give t(-4).
-35
Let c(l) = -l**3 - 38*l**2 - 138*l - 67. Give c(-34).
1
Let m(l) = -l**3 + 19*l**2 + 292*l - 31. What is m(-10)?
-51
Let b(z) = z**3 - 25*z**2 + 18*z + 1636. What is b(20)?
-4
Let x(c) = c**3 - 22*c**2 + 3*c - 64. Give x(22).
2
Let f(k) = -363*k - 2913. Give f(-8).
-9
Let i(m) = -3*m**2 + 189*m - 155. Calculate i(62).
31
Let n(f) = -f**3 - 14*f**2 - 17*f + 16. Calculate n(-10).
-214
Let d(h) = 38*h - 3199. Determine d(84).
-7
Let d(b) = 2*b**3 - 16*b**2 + 35*b + 10. Give d(8).
290
Let p(u) = u**2 - 99*u + 1167. What is p(14)?
-23
Let f(b) = 4*b**2 + 95*b + 541. Give f(-10).
-9
Let c(r) = 2*r**3 - 34*r**2 + 76*r - 1287. Calculate c(17).
5
Let t(q) = 2*q**2 - 362. What is t(16)?
150
Let p(z) = z**3 + 15*z**2 - 12*z - 24. Give p(-16).
-88
Let g(o) = -14*o**2 - 158*o - 21. What is g(-11)?
23
Let h(g) = 37*g + 1461. What is h(-39)?
18
Let b(x) = -3*x**2 - 4*x + 49. What is b(8)?
-175
Let n(q) = -q**2 - 7*q + 146. What is n(-17)?
-24
Let g(n) = -3*n**3 + 64*n**2 - 44*n + 102. Calculate g(21).
-381
Let z(a) = -8*a**2 - 18*a + 13. Calculate z(-4).
-43
Let t(c) = -c**3 - 24*c**2 - 130*c + 186. Determine t(-12).
18
Let s(r) = -r**3 - 28*r**2 + 81*r + 663. What is s(-30)?
33
Let w(o) = 13*o - 8. What is w(7)?
83
Let t(j) = j**3 + 33*j**2 + 57*j - 138. Determine t(-31).
17
Let f(q) = -2*q**3 + 19*q**2 + 16*q - 332. Give f(8).
-12
Let s(y) = 32*y**2 + 337*y - 203. What is s(-11)?
-38
Let x(b) = 4*b**2 - 209*b - 154. Determine x(53).
5
Let r(w) = w**3 - 54*w**2 - 167*w - 253. What is r(57)?
-25
Let f(w) = w**3 + 18*w**2 + 41*w - 60. Determine f(-15).
0
Let h(p) = p**2 - 61*p + 947. Give h(34).
29
Let l(f) = 141*f - 4052. Calculate l(29).
37
Let k(z) = z**2 + 2*z - 92. What is k(8)?
-12
Let f(v) = 22*v - 57. What is f(6)?
75
Let n(k) = -k**3 + 9*k**2 + 14*k + 60. What is n(12)?
-204
Let b(j) = j**2 + 75*j + 534. Determine b(-8).
-2
Let n(p) = -3*p**2 + 51*p + 101. Give n(19).
-13
Let j(q) = -3*q**2 - 61*q + 1911. What is j(17)?
7
Let s(n) = -17*n + 284. Calculate s(13).
63
Let u(k) = -33*k**2 - 17*k - 21. Calculate u(-2).
-119
Let w(t) = 128*t + 141. Determine w(-4).
-371
Let f(z) = 2*z**2 - 10*z + 36. Calculate f(-2).
64
Let d(i) = i**3 + 7*i**2 - 187*i - 1004. What is d(-5)?
-19
Let i(s) = -s**2 - 22*s + 1240. What is i(26)?
-8
Let a(q) = -3*q**3 + 18*q**2 - 2*q + 21. What is a(6)?
9
Let a(p) = -3*p**2 + 42*p + 15. Determine a(16).
-81
Let j(x) = 129*x + 12345. Calculate j(-96).
-39
Let m(x) = -27*x**3 + 3*x**2 - 21*x + 21. Calculate m(1).
-24
Let f(z) = 2*z**2 - 14*z - 1331. What is f(28)?
-155
Let g(s) = -1059*s**2 + 24359*s - 38. Give g(23).
8
Let m(i) = 1230*i + 8659. Give m(-7).
49
Let f(p) = 2*p**3 + 4*p**2 - 16*p + 7. What is f(2)?
7
Let r(o) = o**2 - 131*o + 3983. Give r(84).
35
Let i(b) = -b**2 - 116*b - 3110. Give i(-45).
85
Let b(m) = -m**3 + 19*m**2 + 30*m + 149. Determine b(21).
-103
Let o(a) = 15*a + 202. What is o(-21)?
-113
Let h(x) = 4*x**2 + 29*x - 108. Determine h(-10).
2
Let v(q) = -q**2 - 56*q + 763. Give v(-67).
26
Let h(a) = -31*a + 310. Calculate h(13).
-93
Let r(q) = -2*q**3 - q**2 - 14*q - 75. Give r(-4).
93
Let o(b) = 14*b**2 + 67*b - 7. Calculate o(-5).
8
Let d(u) = 280*u + 821. Calculate d(-3).
-19
Let i(m) = -5794*m + 3. What is i(0)?
3
Let g(f) = 53*f + 1188. What is g(-22)?
22
Let u(n) = 22*n + 176. What is u(-12)?
-88
Let f(m) = m**2 - 109*m + 1779. What is f(20)?
-1
Let z(f) = f**3 + 3*f**2 + 88*f + 451. Determine z(-5).
-39
Let f(x) = 30*x - 89. Give f(3).
1
Let h(a) = -a**3 + 20*a**2 - 99*a - 16. Determine h(10).
-6
Let p(k) = -5*k + 36. Calculate p(1).
31
Let q(r) = -25*r**2 + 15*r + 3. Give q(2).
-67
Let v(r) = 2*r**3 + 26*r**2 + 27*r - 7. What is v(-12)?
-43
Let b(f) = 353*f**3 - f**2 + 19*f - 18. Calculate b(1).
353
Let s(r) = -14*r - 664. Determine s(-47).
-6
Let q(o) = -5*o**2 - 119*o + 23. What is q(-24)?
-1
Let i(v) = 10*v**2 - 187*v - 25. Calculate i(22).
701
Let d(m) = m**3 + 15*m**2 + 49*m + 16. Determine d(-10).
26
Let u(h) = -3*h**3 + 3*h**2 + 75*h - 158. What is u(2)?
-20
Let f(d) = 413*d + 3. What is f(1)?
416
Let f(y) = -34*y**2 + 70*y - 322. What is f(5)?
-822
Let c(v) = -25617*v + 76855. Calculate c(3).
4
Let m(h) = 53*h - 1252. Determine m(23).
-33
Let j(x) = -19*x - 815. Calculate j(-42).
-17
Let h(u) = -44*u**2 - 107*u + 3. What is h(-3)?
-72
Let r(d) = 18*d + 578. What is r(-32)?
2
Let o(j) = -43*j - 1139. Give o(-29).
108
Let h(l) = l**3 - 22*l**2 + 101*l - 18. Give h(10).
-208
Let i(a) = -6*a**3 - 174*a**2 - 4*a - 137. Give i(-29).
-21
Let l(i) = 8*i**2 - 51*i - 19. Give l(6).
-37
Let b(a) = a**2 - 24*a - 74. What is b(27)?
7
Let z(u) = u**3 - 2*u**2 - 59*u + 36. Give z(-8).
-132
Let x(n) = -4*n - 344. Determine x(-23).
-252
Let w(f) = 14*f - 87. Determine w(7).
11
Let d(c) = -221*c - 429. Determine d(-1).
-208
Let d(k) = 2*k**2 - 32*k - 402. Give d(-10).
118
Let j(l) = -40*l - 218. Give j(-11).
222
Let u(p) = 3*p**3 + 15*p**2 + 30*p + 120. Determine u(-5).
-30
Let v(f) = -f**2 + 60*f + 180. What is v(-3)?
-9
Let v(m) = 2*m**3 + 58*m**2 - 117*m + 229. Calculate v(-31).
12
Let b(m) = 34*m + 64. Calculate b(5).
234
Let s(w) = -w**3 - 13*w**2 + 12. Determine s(-13).
12
Let f(i) = 56*i - 6724. What is f(120)?
-4
Let d(z) = z**3 + 9*z**2 - 17*z + 42. What is d(-11)?
-13
Let c(v) = -v**2 + 1067*v - 228690. What is c(297)?
0
Let c(l) = -2*l**3 + 2*l**2 + 22*l - 64. What is c(3)?
-34
Let k(x) = -x**2 - 46*x - 452. What is k(-33)?
-23
Let h(r) = r**2 + 36*r - 18. Give h(-39).
99
Let g(m) = 8*m**3 - 272*m**2 - 2*m + 82. Determine g(34).
14
Let f(p) = -p**3 - 28*p**2 - 42*p + 7. Give f(-26).
-253
Let p(f) = 38*f - 254. Determine p(6).
-26
Let y(q) = 3*q**2 + 180*q - 8097. What is y(-90)?
3
Let o(v) = -4*v**2 + 216*v + 58. What is o(48)?
1210
Let w(j) = j**2 + 34*j - 36. Give w(-23).
-289
Let g(z) = 56*z - 5946. Give g(106).
-10
Let t(n) = -n**2 + 40*n + 89. Calculate t(47).
-240
Let c(f) = -443*f + 612. Give c(1).
169
Let s(p) = 3*p - 337. Calculate s(95).
-52
Let r(q) = 4*q**3 - 76*q**2 + 91*q - 342. What is r(18)?
0
Let i(p) = 2*p**2 + 121*p + 754. Determine i(-7).
5
Let i(p) = -p**3 + 18*p**2 - 23*p - 46. Calculate i(17).
-148
Let u(f) = -3*f**2 - 4*f - 1. What is u(2)?
-21
Let a(p) = p**2 - 1298*p + 8967. Calculate a(7).
-70
Let g(k) = -85*k - 331. Calculate g(-5).
94
Let v(d) = -2*d**3 - 29*d**2 + 16*d + 4. Calculate v(-15).
-11
Let n(y) = -28*y - 3848. Determine n(-138).
16
Let z(j) = 7091*j - 21261. Give z(3).
12
Let f(z) = 6574*z + 19719. Calculate f(-3).
-3
Let s(y) = -7*y - 147. Give s(-23).
14
Let w(x) = -17*x - 175. Give w(-12).
29
Let y(g) = -3*g**2 + 35*g - 71. Calculate y(2).
-13
Let s(j) = -j**3 - 27*j**2 + 15*j - 371. What is s(-28)?
-7
Let b(n) = 61*n + 3428. Give b(-54).
134
Let u(x) = -24*x + 211. Give u(19).
-245
Let t(o) = o**3 - 9*o**2 - 105*o + 69. Give t(-7).
20
Let u(c) = c**2 - 6*c - 293. Calculate u(-12).
-77
Let l(j) = -72*j**2 - 12*j + 1. What is l(1)?
-83
Let f(d) = 7*d**2 + 205*d + 205. What is f(-1)?
7
Let h(r) = 3*r**2 - 116*r + 90. What is h(37)?
-95
Let d(k) = 9*k - 250. Calculate d(29).
11
Let v(f) = -60*f**3 - 5*f**2 - 13*f + 4. Give v(3).
-1700
Let k(q) = 33*q - 39. Determine k(2).
27
Let q(w) = -23*w - 638. Determine q(-29).
29
Let j(a) = -a**3 + 43*a**2 - 37*a - 1838. What is j(41)?
7
Let x(m) = -174*m**2 + 14*m + 32. Calculate x(-2).
-692
Let y(m) = -3*m**2 + 82*m + 15. Give y(27).
42
Let j(u) = -11*u**3 - 2*u**2 + 64*u + 131. Give j(-2).
83
Let u(a) = -2*a**2 + 35*a + 24600. What is u(120)?
0
Let i(c) = -c**3 + 10*c**2 + 8*c + 7. Give i(0).
7
Let x(p) = -4*p**3 + 4*p**2 + 179*p - 358. Give x(2).
-16
Let j(v) = -123*v + 24355. Calculate j(198).
1
Let m(l) = l**2 - 2099*l - 12623. Give m(-6).
7
Let i(h) = -h**2 - 52*h + 159. Determine i(-52).
159
Let n(z) = -16*z - 21. Give n(11).
-197
Let a(o) = -34*o**3 - 3*o**2 - o + 10. Give a(-2).
272
Let a(c) = c**2 + 2*c + 3